tens digit of c(a)?
5
Let w(h) = -5*h + 5. Let b be w(6). Let z = 22 + b. What is the tens digit of 0 + z + 50 + 1?
4
Suppose g = -5 + 11. Suppose 4*x = 8, d + x + g - 44 = 0. What is the units digit of d?
6
Let d(g) = 447*g - 18. What is the units digit of d(1)?
9
Let w(l) = -l**2 - 2*l + 3. Let q be w(-5). Let h be (1 - -1)/(q/(-90)). Suppose -15 = -2*c + h. What is the tens digit of c?
1
Let u(l) = l**2 + 4*l + 3. Let g be u(-3). Let d(w) = -2*w - 2*w - w**2 + 15 + 5*w + 26. What is the tens digit of d(g)?
4
Let o be 9/(-2)*(-90)/(-27). What is the hundreds digit of (o/(-10))/3*284?
1
Let n(z) = -4*z**3 + 6*z**2 + 4*z + 3. What is the tens digit of n(-3)?
5
Suppose 4*w = 3*w - 17. What is the units digit of 12/(-18) + w/(-3)?
5
Let y(o) = -o - 4. Suppose 16 = -2*s - 2*s. Let q be y(s). Suppose -z = -q*z - 12. What is the units digit of z?
2
Suppose 3*q + 5*j = 4*q + 13, 4*q - 20 = 2*j. Suppose p - q + 4 = 0. Suppose 4*d + 10 = 5*d + a, 0 = -a + p. What is the units digit of d?
7
Let y be 2/(-3 - 23/(-7)). Let h(l) = 0*l + 4*l + 19*l**2 - y*l**2 + 1. What is the units digit of h(-2)?
1
Suppose -5*h + 10 = -0*h. Suppose h*i + 16 = 6*i. Suppose -2*w = i*b - 62, -3*w + 56 = -w + 2*b. What is the tens digit of w?
2
Suppose -6*b + b = 50. Let p be 3 + (b - -4) - 52. Let g = -31 - p. What is the tens digit of g?
2
Let i(x) = 3*x + 35. Let n be i(-11). Suppose -s - n*z = -2*s + 127, 5*z = 4*s - 511. What is the units digit of s?
9
Suppose 2*k = 5*a - 131, 3*k + a = -308 + 103. Let i = 3 - k. What is the tens digit of i?
7
Let l = 118 + 21. What is the hundreds digit of l?
1
Let y(n) = -n**2 - 20*n + 55. What is the units digit of y(-13)?
6
Suppose 100*o = 97*o + 7185. What is the units digit of o?
5
Let h = -484 + 1934. Suppose -14*u = 568 - h. What is the units digit of u?
3
Let u(o) = 4 - 1 - 7*o + 0 - 2. Let f be (-22)/6 + 2/3. What is the units digit of u(f)?
2
Suppose 2*h + h = 6. Suppose h*y = 21 - 5. Let w = 20 - y. What is the tens digit of w?
1
Let d(i) = -i**2 - i - 1. Let c(k) = -4*k**2 + 3*k + 1. Let q(o) = -c(o) - 2*d(o). What is the tens digit of q(-3)?
5
Suppose 0 = -194*y + 199*y - 6980. What is the hundreds digit of y?
3
Let x = 1586 + -154. What is the hundreds digit of x?
4
Suppose 16*u = -u + 34901. What is the hundreds digit of u?
0
Let j be 1/7 + (-417)/(-21). Suppose 17*t - 12*t = j. What is the units digit of (-324)/(-33) - t/(-22)?
0
Let v = 6 - 6. Suppose d = 2*i - v*d - 64, -2*i + 2*d + 60 = 0. What is the tens digit of i?
3
Let f be ((-154)/88)/(0 + (-1)/(-4)). Let x(y) = -y**2 - 1. Let b(u) = 2*u**2 - 8*u + 3. Let n(o) = -b(o) - 4*x(o). What is the units digit of n(f)?
3
Let o be -4*3/(-12) - (-40)/(-4). What is the tens digit of 7/3 + -2 - 294/o?
3
Suppose 5373 = -4*v + 13*v. What is the units digit of v?
7
Let y(u) = 16*u + 2. Let x be 3/6*-2 + 2. Let h be y(x). Let k = 0 + h. What is the units digit of k?
8
Suppose -4*h = -3*h + 2. What is the units digit of h/2*(-22 - -12)?
0
Suppose -9*o + 29057 = -3532. What is the thousands digit of o?
3
Let t be 58 - (-3 - -7 - 7). Suppose 2*u = -4*y + 88, -4*y + t = -u - 27. What is the tens digit of y?
2
Suppose -344 = -26*u + 332. What is the tens digit of u?
2
Let c = -4 - -5. Let o be -15*12/(-20)*c. Let h = o - 1. What is the units digit of h?
8
Let f(q) = 47*q**2 - 3*q + 2. Let y be f(-5). Suppose -44*t + y = -36*t. What is the hundreds digit of t?
1
Let o(s) = 8*s**2 + 6*s - 6. Let y be o(-4). Suppose -y = -5*c + 4*c. What is the units digit of c?
8
Let y(k) = 33*k**2 + 29*k - 5. Let v(n) = 11*n**2 + 10*n - 2. Let x(r) = -17*v(r) + 6*y(r). Let i be x(4). Let m = i + -122. What is the units digit of m?
4
What is the hundreds digit of -8 - (-205 + -6 + 8)?
1
Let h(i) = 2*i**2 + 48*i - 98. Let j be h(-26). Let b be (1/2 - -1)*40. Suppose 5*r - j*r = -b. What is the tens digit of r?
6
Suppose -2*n = f - n + 81, -4*n = 8. Let l = 147 - f. What is the hundreds digit of l?
2
Suppose 0*w = 2*w. Let r(j) = j**3 + j**2 + 5. Let u be r(w). Suppose -20 = -4*f - 4*k, 0*f + 2*f + u*k - 16 = 0. What is the units digit of f?
3
Let s(n) = 95*n**2 - 2*n - 2. Let l be 45/120 - (-11)/(-8). What is the units digit of s(l)?
5
Let k be 6/((-3)/(-18)*2). Let l be 11/(33/k) - 1. Suppose -2*z = 0, -l*z = -2*b + 10 + 22. What is the tens digit of b?
1
Suppose 2*b = 3*b. Suppose -2*m - 10*g + 6*g + 126 = b, 5*g - 187 = -3*m. Let j = 101 - m. What is the tens digit of j?
4
Let q = 9 + -4. Suppose n - 3 = 4*l, 5*n + q*l - 1 = -36. Let p(a) = 2*a**2 + 4*a - 2. What is the units digit of p(n)?
8
Let x(v) = 2*v**2 + 13*v + 13. What is the tens digit of x(11)?
9
Let l = 8 + -6. Suppose 0 = l*r - r - 2. Suppose 30 = r*j - 2. What is the tens digit of j?
1
Suppose -5*j + 4280 = -g, 3*g = 15 - 30. What is the units digit of j?
5
Let n(m) = 44*m**3 - 9*m**2 + 11*m + 4. What is the thousands digit of n(5)?
5
Let u = -694 - -1838. What is the hundreds digit of u?
1
Let h(x) = -x**2 - 10*x + 14. Let p be h(-11). Suppose 2 = p*w - 34. Let l(z) = z + 7. What is the units digit of l(w)?
9
Let v = 376 + 81. What is the units digit of v?
7
Let d be 1/3*(14 + -29). What is the units digit of 4/(-3)*(d + 2)?
4
Let p(b) = -1. Let y(u) = -u + 9. Let k(i) = 2*p(i) + y(i). Let o be k(3). Suppose -4*f + 144 = -5*w, 2*f - o*w + 15 = 3*f. What is the units digit of f?
1
Let q(h) = -h**2 + 11*h + 12. Let r be q(11). Let m be 12/(r/640*5). Suppose -2*a + 4*a = 2*l + 102, -3*a - 2*l = -m. What is the units digit of a?
6
Let p be 10/15 + 19/3. Let w(k) = 2*k**2 - 7*k + 3*k**2 - 4*k**2 + 7 + 0*k**2. What is the units digit of w(p)?
7
Suppose -2*c + 4*c = 6. Suppose -15 = -3*g - c*t, 4*t - t + 25 = 5*g. Let b = g + 11. What is the tens digit of b?
1
Suppose 7*r - 2*r - 15 = 0. Suppose 6*h - r*i - 452 = 2*h, -5*h - 3*i = -538. Suppose -3*m = h - 311. What is the units digit of m?
7
Let w = 1 - -3. Suppose 5*j = w*j + 2. Suppose -j*a + 4*a - 48 = 0. What is the units digit of a?
4
Suppose 21054 = 24*b + 1158. What is the tens digit of b?
2
Suppose 0 = -2*k - 0 - 4, -4*l = -5*k - 1930. What is the tens digit of l?
8
Let q be (-30)/(-9)*(-18)/5. Let h = q + 17. What is the units digit of (-86)/(-10) + (-3)/h?
8
Suppose 10*f - 28 = 3*f. Suppose -5*r + f*j + 165 = 0, r + 2*j - 48 + 1 = 0. What is the tens digit of r?
3
Let n be ((-174)/(-6))/(-1 + 2). Suppose -5*o + 16 = -n. Let z(p) = -p**2 + 11*p - 2. What is the units digit of z(o)?
6
Let k(q) = q**3 - q**2 + 1. Let j(l) = 2*l**3 - 12*l**2 + 2*l + 14. Let m(z) = -j(z) + 12*k(z). What is the units digit of m(2)?
4
Let i be 4/(-14) + (-346)/14. Suppose 128*d = 134*d - 276. Let f = i + d. What is the units digit of f?
1
Suppose -3*c - 4*v + 639 = 0, -2*c + 342 + 84 = 2*v. What is the units digit of c?
3
Let r(i) = i**2. Let h be r(-1). Suppose -2*j = 5 + h. What is the units digit of 50 - (2 + j)*-2?
8
Suppose 215 = 7*k + 131. What is the tens digit of k?
1
Let h(a) = 23*a - 13. What is the hundreds digit of h(12)?
2
Let m(b) = -b**2 + 4*b - 1. Let w be m(5). Let l = w - -8. Suppose 5*k + 0*p + l*p = 46, 2*k - 22 = p. What is the tens digit of k?
1
Let w = 546 + -217. What is the units digit of w?
9
Let k = -1331 - -1496. What is the tens digit of k?
6
Let k = 1185 + -160. What is the hundreds digit of k?
0
What is the hundreds digit of 541 - (4 + -7 + (5 - 2))?
5
Suppose 70*z = 41702 + 195108. What is the units digit of z?
3
What is the hundreds digit of (-25)/(-10) - 49170/(-20)?
4
Let v(t) = t**3 + 10*t**2 + 11*t + 6. Let b be v(-9). Let g be (-5)/(10/(-6)) + -14. Let a = g - b. What is the units digit of a?
1
Let n(p) be the third derivative of 67*p**5/30 + p**4/8 + p**3/3 - 3*p**2. What is the hundreds digit of n(-1)?
1
Let h(r) = -4*r**3 + 33*r**2 + 4*r - 1. What is the hundreds digit of h(4)?
2
Let m = -1818 - -3553. What is the tens digit of m?
3
Suppose 5*h + 416 = 2426. What is the hundreds digit of h?
4
Let u = 24 + -71. Let j = 136 + u. What is the tens digit of j?
8
Let m = 21 + -4. Suppose -4*h + 33 - m = 0. Suppose 2*p = -h + 32. What is the units digit of p?
4
Suppose 9*a - 132 = 3*a. Suppose 3*p - 2*g - 6 = 0, g = -2*p + 5*g - 4. Let x = a - p. What is the tens digit of x?
1
Let u = 2731 + -1595. What is the tens digit of u?
3
Let k = -607 + 1059. What is the hundr